{"id":89,"date":"2022-05-11T18:38:47","date_gmt":"2022-05-11T18:38:47","guid":{"rendered":"http:\/\/pppsroda.pl\/?page_id=89"},"modified":"2022-05-11T18:39:00","modified_gmt":"2022-05-11T18:39:00","slug":"dysleksja","status":"publish","type":"page","link":"https:\/\/pppsroda.pl\/index.php\/dysleksja\/","title":{"rendered":"Dysleksja"},"content":{"rendered":"<h3>Dysleksja<\/h3>\n<p>Zapraszamy do zapoznania si\u0119 z literatur\u0105 dotycz\u0105c\u0105 problematyki dysleksji i ryzyka jej wyst\u0105pienia, kt\u00f3ra dost\u0119pna jest w Bibliotece Pedagogicznej w \u015arodzie Wlkp.<br \/>\nDla zainteresowanych pog\u0142\u0119bieniem swojej wiedzy na temat dysleksji polecamy literatur\u0119 dost\u0119pn\u0105 w Bibliotece:<br \/>\nDla rodzic\u00f3w (*.pdf)<br \/>\nDla nauczycieli (*.pdf)<br \/>\nDekalog dla nauczycieli dzieci dyslektycznych.pdf<br \/>\nDYSLEKSJA \u2013 INFORMACJE PODSTAWOWE.pdf<br \/>\nRyzyko dysleksji.pdf<br \/>\nWYDAWANIE OPINII W SPRAWIE SPECYFICZNYCH TRUDNO\u015aCI W UCZENIU SI\u0118.pdf<\/p>\n<p>Program edukacyjno &#8211; terapeutyczny &#8222;Ortograffiti&#8221; www.ortograffiti.pl<br \/>\nPolskie Towarzystwo Dysleksji www.ptd.edu.pl<br \/>\nPolski Zwi\u0105zek Logoped\u00f3w www.logopeda.org.pl<\/p>\n","protected":false},"excerpt":{"rendered":"<p>Dysleksja Zapraszamy do zapoznania si\u0119 z literatur\u0105 dotycz\u0105c\u0105 problematyki dysleksji i ryzyka jej wyst\u0105pienia, kt\u00f3ra dost\u0119pna jest w Bibliotece Pedagogicznej w \u015arodzie Wlkp. Dla zainteresowanych&hellip; <a class=\"continue\" href=\"https:\/\/pppsroda.pl\/index.php\/dysleksja\/\">Continue Reading<span> Dysleksja<\/span><\/a><\/p>\n","protected":false},"author":1,"featured_media":0,"parent":0,"menu_order":0,"comment_status":"closed","ping_status":"closed","template":"","meta":{"footnotes":""},"class_list":["post-89","page","type-page","status-publish","hentry"],"_links":{"self":[{"href":"https:\/\/pppsroda.pl\/index.php\/wp-json\/wp\/v2\/pages\/89","targetHints":{"allow":["GET"]}}],"collection":[{"href":"https:\/\/pppsroda.pl\/index.php\/wp-json\/wp\/v2\/pages"}],"about":[{"href":"https:\/\/pppsroda.pl\/index.php\/wp-json\/wp\/v2\/types\/page"}],"author":[{"embeddable":true,"href":"https:\/\/pppsroda.pl\/index.php\/wp-json\/wp\/v2\/users\/1"}],"replies":[{"embeddable":true,"href":"https:\/\/pppsroda.pl\/index.php\/wp-json\/wp\/v2\/comments?post=89"}],"version-history":[{"count":2,"href":"https:\/\/pppsroda.pl\/index.php\/wp-json\/wp\/v2\/pages\/89\/revisions"}],"predecessor-version":[{"id":91,"href":"https:\/\/pppsroda.pl\/index.php\/wp-json\/wp\/v2\/pages\/89\/revisions\/91"}],"wp:attachment":[{"href":"https:\/\/pppsroda.pl\/index.php\/wp-json\/wp\/v2\/media?parent=89"}],"curies":[{"name":"wp","href":"https:\/\/api.w.org\/{rel}","templated":true}]}}