{"id":80,"date":"2022-05-11T18:33:58","date_gmt":"2022-05-11T18:33:58","guid":{"rendered":"http:\/\/pppsroda.pl\/?page_id=80"},"modified":"2022-05-11T18:34:32","modified_gmt":"2022-05-11T18:34:32","slug":"ewaluacja-zewnetrzna","status":"publish","type":"page","link":"https:\/\/pppsroda.pl\/index.php\/ewaluacja-zewnetrzna\/","title":{"rendered":"Ewaluacja zewn\u0119trzna"},"content":{"rendered":"<h3>Sprawozdania<\/h3>\n<p>Poni\u017cej plik do pobrania, do prawid\u0142owego wy\u015bwietlenia dokumentu wymagana jest przegl\u0105darka plik\u00f3w pdf.<\/p>\n<p><a href=\"http:\/\/pppsroda.pl\/wp-content\/uploads\/2022\/05\/Raport-z-Ewaluacji-Zewnetrznej-2013.pdf\">Raport z Ewaluacji Zewnetrznej &#8211; 2013<\/a><\/p>\n","protected":false},"excerpt":{"rendered":"<p>Sprawozdania Poni\u017cej plik do pobrania, do prawid\u0142owego wy\u015bwietlenia dokumentu wymagana jest przegl\u0105darka plik\u00f3w pdf. Raport z Ewaluacji Zewnetrznej &#8211; 2013<\/p>\n","protected":false},"author":1,"featured_media":0,"parent":0,"menu_order":0,"comment_status":"closed","ping_status":"closed","template":"","meta":{"footnotes":""},"class_list":["post-80","page","type-page","status-publish","hentry"],"_links":{"self":[{"href":"https:\/\/pppsroda.pl\/index.php\/wp-json\/wp\/v2\/pages\/80","targetHints":{"allow":["GET"]}}],"collection":[{"href":"https:\/\/pppsroda.pl\/index.php\/wp-json\/wp\/v2\/pages"}],"about":[{"href":"https:\/\/pppsroda.pl\/index.php\/wp-json\/wp\/v2\/types\/page"}],"author":[{"embeddable":true,"href":"https:\/\/pppsroda.pl\/index.php\/wp-json\/wp\/v2\/users\/1"}],"replies":[{"embeddable":true,"href":"https:\/\/pppsroda.pl\/index.php\/wp-json\/wp\/v2\/comments?post=80"}],"version-history":[{"count":3,"href":"https:\/\/pppsroda.pl\/index.php\/wp-json\/wp\/v2\/pages\/80\/revisions"}],"predecessor-version":[{"id":84,"href":"https:\/\/pppsroda.pl\/index.php\/wp-json\/wp\/v2\/pages\/80\/revisions\/84"}],"wp:attachment":[{"href":"https:\/\/pppsroda.pl\/index.php\/wp-json\/wp\/v2\/media?parent=80"}],"curies":[{"name":"wp","href":"https:\/\/api.w.org\/{rel}","templated":true}]}}