{"id":68,"date":"2022-05-11T18:28:38","date_gmt":"2022-05-11T18:28:38","guid":{"rendered":"http:\/\/pppsroda.pl\/?page_id=68"},"modified":"2022-05-11T18:29:57","modified_gmt":"2022-05-11T18:29:57","slug":"misja-wizja-statut","status":"publish","type":"page","link":"https:\/\/pppsroda.pl\/index.php\/misja-wizja-statut\/","title":{"rendered":"Misja, wizja, statut"},"content":{"rendered":"<h3>Misja<\/h3>\n<p>Jeste\u015bmy Poradni\u0105 Psychologiczno -Pedagogiczn\u0105, kt\u00f3ra uznaje, \u017ce najwa\u017cniejsz\u0105 warto\u015bci\u0105 jest dobro dziecka i dba\u0142o\u015b\u0107 o jego wszechstronny rozw\u00f3j uwzgl\u0119dniaj\u0105cy jego potencjalne mo\u017cliwo\u015bci.<\/p>\n<p>&#8211; Wspomagamy rozw\u00f3j dzieci i m\u0142odzie\u017cy, pomagamy w przezwyci\u0119\u017caniu trudno\u015bci szkolnych, emocjonalnych i rodzinnych.<br \/>\n&#8211; Pomagamy te\u017c rodzicom i nauczycielom w sprawowaniu ich funkcji edukacyjnej i wychowawczej, szanuj\u0105c wyznawany przez nich \u015bwiatopogl\u0105d.<\/p>\n<p>Oferujemy szeroki zakres pomocy psychologiczno \u2013 pedagogicznej.<\/p>\n<h3>Wizja<\/h3>\n<p>Poradnia jest plac\u00f3wk\u0105, kt\u00f3ra rozpoznaje i uwzgl\u0119dnia potrzeby \u015brodowiska w swoich dzia\u0142aniach. Oferowana pomoc jest efektywna i adekwatna do oczekiwa\u0144. Udziela skutecznej pomocy dzieciom i m\u0142odzie\u017cy. Wspiera rodzin\u0119 i szko\u0142\u0119 nie wyr\u0119czaj\u0105c jej w realizacji podstawowych zada\u0144. Osi\u0105gamy to poprzez racjonalne wykorzystanie zdobytych ju\u017c umiej\u0119tno\u015bci, planowe nabywanie nowych.<\/p>\n<p>Baza Poradni umo\u017cliwia realizacj\u0119 wszystkich zada\u0144. Systematycznie analizujemy i doskonalimy jako\u015b\u0107 pracy Poradni. Wsp\u00f3\u0142pracujemy z w\u0142adzami terytorialnymi, mediami, instytucjami i stowarzyszeniami<\/p>\n<p>Statut Poradni Psychologiczno &#8211; Pedagogicznej w \u015arodzie Wlkp.<\/p>\n<p>Dokument w formacie *.PDF Zalecane aplikacje do otwarcia: Adobe Acrobat Reader, Foxit Reader<br \/>\nProsz\u0119 klikn\u0105\u0107 w celu pobrania dokumentu(*.pdf) listopad 2019 r.<\/p>\n<p><a href=\"http:\/\/pppsroda.pl\/wp-content\/uploads\/2022\/05\/statut-_ppp_11.12.2019.pdf\">statut _ppp_11.12.2019<\/a><\/p>\n","protected":false},"excerpt":{"rendered":"<p>Misja Jeste\u015bmy Poradni\u0105 Psychologiczno -Pedagogiczn\u0105, kt\u00f3ra uznaje, \u017ce najwa\u017cniejsz\u0105 warto\u015bci\u0105 jest dobro dziecka i dba\u0142o\u015b\u0107 o jego wszechstronny rozw\u00f3j uwzgl\u0119dniaj\u0105cy jego potencjalne mo\u017cliwo\u015bci. &#8211; Wspomagamy&hellip; <a class=\"continue\" href=\"https:\/\/pppsroda.pl\/index.php\/misja-wizja-statut\/\">Continue Reading<span> Misja, wizja, statut<\/span><\/a><\/p>\n","protected":false},"author":1,"featured_media":0,"parent":0,"menu_order":0,"comment_status":"closed","ping_status":"closed","template":"","meta":{"footnotes":""},"class_list":["post-68","page","type-page","status-publish","hentry"],"_links":{"self":[{"href":"https:\/\/pppsroda.pl\/index.php\/wp-json\/wp\/v2\/pages\/68","targetHints":{"allow":["GET"]}}],"collection":[{"href":"https:\/\/pppsroda.pl\/index.php\/wp-json\/wp\/v2\/pages"}],"about":[{"href":"https:\/\/pppsroda.pl\/index.php\/wp-json\/wp\/v2\/types\/page"}],"author":[{"embeddable":true,"href":"https:\/\/pppsroda.pl\/index.php\/wp-json\/wp\/v2\/users\/1"}],"replies":[{"embeddable":true,"href":"https:\/\/pppsroda.pl\/index.php\/wp-json\/wp\/v2\/comments?post=68"}],"version-history":[{"count":2,"href":"https:\/\/pppsroda.pl\/index.php\/wp-json\/wp\/v2\/pages\/68\/revisions"}],"predecessor-version":[{"id":71,"href":"https:\/\/pppsroda.pl\/index.php\/wp-json\/wp\/v2\/pages\/68\/revisions\/71"}],"wp:attachment":[{"href":"https:\/\/pppsroda.pl\/index.php\/wp-json\/wp\/v2\/media?parent=68"}],"curies":[{"name":"wp","href":"https:\/\/api.w.org\/{rel}","templated":true}]}}