{"id":52,"date":"2022-05-11T12:45:47","date_gmt":"2022-05-11T12:45:47","guid":{"rendered":"https:\/\/pppsroda.pl\/?page_id=52"},"modified":"2026-01-13T21:46:25","modified_gmt":"2026-01-13T21:46:25","slug":"klauzula-dostepnosci","status":"publish","type":"page","link":"https:\/\/pppsroda.pl\/index.php\/klauzula-dostepnosci\/","title":{"rendered":"Deklaracja dost\u0119pno\u015bci"},"content":{"rendered":"<h3>Deklaracja dost\u0119pno\u015bci serwisu pppsroda.pl<\/h3>\n<p>Poradnia Psychologiczno Pedagogiczne w \u015arodzie Wielkopolskiej zobowi\u0105zuje si\u0119 zapewni\u0107 dost\u0119pno\u015b\u0107 strony internetowej pppsroda.pl zgodnie z ustaw\u0105 z dnia 4 kwietnia 2019 r. o dost\u0119pno\u015bci cyfrowej stron internetowych i aplikacji mobilnych podmiot\u00f3w publicznych. O\u015bwiadczenie w sprawie dost\u0119pno\u015bci ma zastosowanie do www.pppsroda.pl<br \/>\nData publikacji strony internetowej: 2016-08-01<br \/>\nData ostatniej du\u017cej aktualizacji: 2022-02-05<br \/>\nStrona internetowa jest cz\u0119\u015bciowo zgodna z ustaw\u0105 o dost\u0119pno\u015bci cyfrowej stron internetowych i aplikacji mobilnych podmiot\u00f3w publicznych z powodu niezgodno\u015bci lub wy\u0142\u0105cze\u0144 wymienionych poni\u017cej.<br \/>\n\u2022 Niekt\u00f3re dokumenty, kt\u00f3re opublikowali\u015bmy na stronie internetowej s\u0105 niedost\u0119pne cyfrowo. Najcz\u0119\u015bciej wynika to z tego, \u017ce nie tworzyli\u015bmy ich sami, ale otrzymali\u015bmy je od innych os\u00f3b<br \/>\n\u2022 Cz\u0119\u015b\u0107 film\u00f3w nie posiada audiodeskrypcji (opis\u00f3w g\u0142osowych dla os\u00f3b z niepe\u0142nosprawno\u015bci\u0105 wzroku) oraz napis\u00f3w,<br \/>\n\u2022 W tytu\u0142ach oraz tekstach alternatywnych, kt\u00f3re zawieraj\u0105 zwroty w obcym j\u0119zyku nie stosujemy specjalnego oznaczenia. System, w kt\u00f3rym pracujemy ma pod tym wzgl\u0119dem ograniczenia.<\/p>\n<h3>Dost\u0119pno\u015b\u0107 architektoniczna<\/h3>\n<p>Opis dost\u0119pno\u015bci lokalizacji Biur i Oddzia\u0142\u00f3w PP-P w \u015arodzie Wlkp.<\/p>\n<p>(plik do pobrania poni\u017cej)<\/p>\n<h3>Tre\u015bci w j\u0119zyku migowym<\/h3>\n<p>Serwis internetowy pppsroda.pl nie posiada udogodnie\u0144 w j\u0119zyku migowym.<\/p>\n<h3>Dost\u0119pno\u015b\u0107 dla os\u00f3b nies\u0142ysz\u0105cych lub s\u0142abos\u0142ysz\u0105cych<\/h3>\n<p>W budynku poradni nie ma p\u0119tli indukcyjnych, oznacze\u0144 w alfabecie brajla ani oznacze\u0144 kontrastowych lub w druku powi\u0119kszonym dla os\u00f3b niewidomych i s\u0142abowidz\u0105cych.<\/p>\n<p>Poradnia nie posiada w zasobach t\u0142umacza polskiego j\u0119zyka migowego (PJM), zatrudnia osoby pos\u0142uguj\u0105ce si\u0119 j\u0119zykiem migowym.<\/p>\n<h3>Aplikacje mobilne<\/h3>\n<p>Obecne nie udost\u0119pniamy \u017cadnych aplikacji mobilnych.<\/p>\n<p>&nbsp;<\/p>\n<h1 class=\"x_MsoNormal\">Dost\u0119pno\u015b\u0107 dla os\u00f3b ze szczeg\u00f3lnymi potrzebami<\/h1>\n<ul>\n<li class=\"x_MsoListParagraphCxSpFirst\"><a href=\"http:\/\/pppsroda.pl\/wp-content\/uploads\/2026\/01\/O-Poradni_ETR.pdf\">O Poradni \u2013 tekst \u0142atwy do czytania (ETR)<\/a><\/li>\n<li class=\"x_MsoListParagraphCxSpMiddle\"><a href=\"http:\/\/pppsroda.pl\/wp-content\/uploads\/2026\/01\/raport_o_stanie_zapewniania_dostepnosci_2025.pdf\">Raport o stanie zapewnienie dost\u0119pno\u015bci podmiotu publicznego<\/a><\/li>\n<li class=\"x_MsoListParagraphCxSpMiddle\"><a href=\"http:\/\/pppsroda.pl\/wp-content\/uploads\/2026\/01\/Koordynator-do-spraw-dostepnosci_PPPSroda.pdf\">Koordynator ds. dost\u0119pno\u015bci<\/a><\/li>\n<li class=\"x_MsoListParagraphCxSpLast\"><a href=\"http:\/\/pppsroda.pl\/wp-content\/uploads\/2026\/01\/Koordynator-do-spraw-dostepnosci_PPPSroda.pdf\">\u017b\u0105danie zapewnienia dost\u0119pno\u015bci<\/a>\n<ul>\n<li><a href=\"http:\/\/pppsroda.pl\/wp-content\/uploads\/2026\/01\/Zadanie-zapewnienia-dostepnosci.pdf\">\u017b\u0105danie zapewnienia dost\u0119pno\u015bci<\/a><\/li>\n<li><a href=\"http:\/\/pppsroda.pl\/wp-content\/uploads\/2026\/01\/Zalacznik-nr-2-wniosek-o-zapewnienie-dostepnosci-cyfrowej.doc\">Zalacznik-nr-2-wniosek-o-zapewnienie-dostepnosci-cyfrowej<\/a> <a href=\"http:\/\/pppsroda.pl\/wp-content\/uploads\/2026\/01\/zalacznik-nr-1-wniosek-o-zapewnienie-dostepnosci-architektonicznej.doc\">za\u0142\u0105cznik -nr-1-wniosek-o-zapewnienie-dostepnosci-architektonicznej<\/a><\/li>\n<\/ul>\n<\/li>\n<li>Deklaracja dost\u0119pno\u015bci serwisu pppsroda.pl<\/li>\n<\/ul>\n<p><!--more--><!--more--><\/p>\n","protected":false},"excerpt":{"rendered":"<p>Deklaracja dost\u0119pno\u015bci serwisu pppsroda.pl Poradnia Psychologiczno Pedagogiczne w \u015arodzie Wielkopolskiej zobowi\u0105zuje si\u0119 zapewni\u0107 dost\u0119pno\u015b\u0107 strony internetowej pppsroda.pl zgodnie z ustaw\u0105 z dnia 4 kwietnia 2019&hellip; <a class=\"continue\" href=\"https:\/\/pppsroda.pl\/index.php\/klauzula-dostepnosci\/\">Continue Reading<span> Deklaracja dost\u0119pno\u015bci<\/span><\/a><\/p>\n","protected":false},"author":1,"featured_media":0,"parent":0,"menu_order":0,"comment_status":"closed","ping_status":"closed","template":"","meta":{"footnotes":""},"class_list":["post-52","page","type-page","status-publish","hentry"],"_links":{"self":[{"href":"https:\/\/pppsroda.pl\/index.php\/wp-json\/wp\/v2\/pages\/52","targetHints":{"allow":["GET"]}}],"collection":[{"href":"https:\/\/pppsroda.pl\/index.php\/wp-json\/wp\/v2\/pages"}],"about":[{"href":"https:\/\/pppsroda.pl\/index.php\/wp-json\/wp\/v2\/types\/page"}],"author":[{"embeddable":true,"href":"https:\/\/pppsroda.pl\/index.php\/wp-json\/wp\/v2\/users\/1"}],"replies":[{"embeddable":true,"href":"https:\/\/pppsroda.pl\/index.php\/wp-json\/wp\/v2\/comments?post=52"}],"version-history":[{"count":11,"href":"https:\/\/pppsroda.pl\/index.php\/wp-json\/wp\/v2\/pages\/52\/revisions"}],"predecessor-version":[{"id":558,"href":"https:\/\/pppsroda.pl\/index.php\/wp-json\/wp\/v2\/pages\/52\/revisions\/558"}],"wp:attachment":[{"href":"https:\/\/pppsroda.pl\/index.php\/wp-json\/wp\/v2\/media?parent=52"}],"curies":[{"name":"wp","href":"https:\/\/api.w.org\/{rel}","templated":true}]}}